{"id":6384,"date":"2019-01-23T20:44:56","date_gmt":"2019-01-23T19:44:56","guid":{"rendered":"http:\/\/spzagg.pl\/?page_id=6384"},"modified":"2020-02-06T21:26:24","modified_gmt":"2020-02-06T20:26:24","slug":"rodo","status":"publish","type":"page","link":"http:\/\/spzagg.pl\/?page_id=6384","title":{"rendered":"RODO"},"content":{"rendered":"\n<h6 class=\"wp-block-heading\"><\/h6>\n\n\n\n<p>Zgodnie z&nbsp;art. 13 ust. 1 i&nbsp;ust. 2 og\u00f3lnego rozporz\u0105dzenia o&nbsp;ochronie danych osobowych z&nbsp;dnia 27 kwietnia 2016 r. informujemy, \u017ce:<br>Administratorem Pani\/Pana danych osobowych jest Szko\u0142a Podstawowa im. Jana Paw\u0142a II w Zagorzycach G\u00f3rnych<br>adres: 39-126 Zagorzyce 175, tel. 17 7452500, e-mail: <a href=\"spzag1@poczta.onet.pl\">spzag1@poczta.onet.pl<\/a>,&nbsp;reprezentowana przez Dyrektora Szko\u0142y.<\/p>\n\n\n\n<p><strong>Inspektorem Ochrony Danych jest<\/strong><br><strong>Pan \u0141ukasz Stawicki.<\/strong><\/p>\n\n\n\n<p>Kontakt z&nbsp; <strong>Inspektorem Ochrony Danych <\/strong>&nbsp;jest mo\u017cliwy poprzez adres e-mail: <a href=\"iod.sedziszowmlp@gmail.com\">iod.sedziszowmlp@gmail.com<\/a> lub listownie na adres: Zagorzyce 175, 39-126 Zagorzyce.<\/p>\n\n\n\n<ul class=\"wp-block-list\"><li><a href=\"http:\/\/spzagg.pl\/wp-content\/uploads\/2020\/01\/Klauzula-informacyjna-dla-uczni\u00f3w-i-rodzic\u00f3w-.docx\">Klauzula informacyjna<\/a><\/li><li><a href=\"http:\/\/spzagg.pl\/wp-content\/uploads\/2020\/02\/Monitoring.docx\">Klauzula informacyjna monitoring wizyjny<\/a><\/li><\/ul>\n","protected":false},"excerpt":{"rendered":"<p>Zgodnie z&nbsp;art. 13 ust. 1 i&nbsp;ust. 2 og\u00f3lnego rozporz\u0105dzenia o&nbsp;ochronie danych osobowych z&nbsp;dnia 27 kwietnia 2016 r. informujemy, \u017ce:Administratorem Pani\/Pana danych osobowych jest Szko\u0142a Podstawowa im. Jana Paw\u0142a II w Zagorzycach G\u00f3rnychadres: 39-126 Zagorzyce 175, tel. 17 7452500, e-mail: spzag1@poczta.onet.pl,&nbsp;reprezentowana przez Dyrektora Szko\u0142y. Inspektorem Ochrony Danych jestPan \u0141ukasz Stawicki. Kontakt z&nbsp; Inspektorem Ochrony Danych &nbsp;jest &hellip; <\/p>\n<p><a class=\"more-link btn\" href=\"http:\/\/spzagg.pl\/?page_id=6384\">Czytaj dalej<\/a><\/p>\n","protected":false},"author":2,"featured_media":0,"parent":0,"menu_order":0,"comment_status":"closed","ping_status":"closed","template":"template-twocolumnsright.php","meta":{"ngg_post_thumbnail":0,"footnotes":""},"class_list":["post-6384","page","type-page","status-publish","hentry","nodate","item-wrap"],"_links":{"self":[{"href":"http:\/\/spzagg.pl\/index.php?rest_route=\/wp\/v2\/pages\/6384","targetHints":{"allow":["GET"]}}],"collection":[{"href":"http:\/\/spzagg.pl\/index.php?rest_route=\/wp\/v2\/pages"}],"about":[{"href":"http:\/\/spzagg.pl\/index.php?rest_route=\/wp\/v2\/types\/page"}],"author":[{"embeddable":true,"href":"http:\/\/spzagg.pl\/index.php?rest_route=\/wp\/v2\/users\/2"}],"replies":[{"embeddable":true,"href":"http:\/\/spzagg.pl\/index.php?rest_route=%2Fwp%2Fv2%2Fcomments&post=6384"}],"version-history":[{"count":20,"href":"http:\/\/spzagg.pl\/index.php?rest_route=\/wp\/v2\/pages\/6384\/revisions"}],"predecessor-version":[{"id":7074,"href":"http:\/\/spzagg.pl\/index.php?rest_route=\/wp\/v2\/pages\/6384\/revisions\/7074"}],"wp:attachment":[{"href":"http:\/\/spzagg.pl\/index.php?rest_route=%2Fwp%2Fv2%2Fmedia&parent=6384"}],"curies":[{"name":"wp","href":"https:\/\/api.w.org\/{rel}","templated":true}]}}