{"id":57,"date":"2015-03-10T20:23:17","date_gmt":"2015-03-10T20:23:17","guid":{"rendered":"http:\/\/spzagg.pl\/spzagg\/?page_id=57"},"modified":"2025-09-18T19:24:12","modified_gmt":"2025-09-18T18:24:12","slug":"grono-pedagogiczne","status":"publish","type":"page","link":"http:\/\/spzagg.pl\/?page_id=57","title":{"rendered":"Rada Pedagogiczna"},"content":{"rendered":"\n<p><\/p>\n\n\n<p><span style=\"font-family: Verdana, Geneva; font-size: 12px;\"><strong>wychowanie przedszkolne<\/strong><\/span><\/p>\n<ul>\n<li><span style=\"font-family: Verdana, Geneva; font-size: 12px;\">mgr Maria Cabaj-Kuczek<\/span><\/li>\n<\/ul>\n<p><span style=\"font-family: Verdana, Geneva; font-size: 12px;\"><strong>edukacja wczesnoszkolna<\/strong><\/span><\/p>\n<ul>\n<li><span style=\"font-family: Verdana, Geneva; font-size: 12px;\">mgr Anna Baran-Pazdan<\/span><\/li>\n<li><span style=\"font-family: Verdana, Geneva; font-size: 12px;\">mgr Barbara Brzuszek<\/span><\/li>\n<li><span style=\"font-family: Verdana, Geneva; font-size: 12px;\">mgr Marta Majka<\/span><\/li>\n<\/ul>\n<p><span style=\"font-family: Verdana, Geneva; font-size: 12px;\"><strong>j\u0119zyk polski<\/strong><\/span><\/p>\n<ul>\n<li><span style=\"font-family: Verdana, Geneva; font-size: 12px;\">mgr Joanna Cyzio<br><\/span><\/li>\n<li><span style=\"font-family: Verdana, Geneva; font-size: 12px;\">mgr Renata Dy\u0142o-Skiba<\/span><\/li>\n<\/ul>\n<p><span style=\"font-family: Verdana, Geneva; font-size: 12px;\"><strong>j\u0119zyk angielski<\/strong><\/span><\/p>\n<ul>\n<li><span style=\"font-family: Verdana, Geneva; font-size: 12px;\">mgr Magdalena Czapka-Kr\u00f3l<\/span><\/li>\n<li><span style=\"font-family: Verdana, Geneva; font-size: 12px;\">mgr Anna Saj<\/span><\/li>\n<\/ul>\n<p><span style=\"font-family: Verdana, Geneva; font-size: 12px;\"><strong>j\u0119zyk niemiecki<\/strong><\/span><\/p>\n<ul>\n<li><span style=\"font-family: Verdana, Geneva; font-size: 12px;\">mgr Agnieszka Gwi\u017cd\u017c-Szpara<\/span><\/li>\n<\/ul>\n<p><span style=\"font-family: Verdana, Geneva; font-size: 12px;\"><strong>historia<\/strong><\/span><\/p>\n<ul>\n<li><span style=\"font-family: Verdana, Geneva; font-size: 12px;\">mgr Beata Majcher<\/span><\/li>\n<li><span style=\"font-family: Verdana, Geneva; font-size: 12px;\">mgr Ma\u0142gorzata Marek<\/span><\/li>\n<\/ul>\n<p><span style=\"font-family: Verdana, Geneva; font-size: 12px;\"><strong>wiedza o spo\u0142ecze\u0144stwie<\/strong><\/span><\/p>\n<ul>\n<li><span style=\"font-family: Verdana, Geneva; font-size: 12px;\">mgr Joanna Cyzio<br><\/span><\/li>\n<\/ul>\n<p><span style=\"font-family: Verdana, Geneva; font-size: 12px;\"><strong>matematyka<\/strong><\/span><\/p>\n<ul>\n<li><span style=\"font-family: Verdana, Geneva; font-size: 12px;\">mgr Agata S\u0142owik<\/span><\/li>\n<\/ul>\n<p><span style=\"font-family: Verdana, Geneva; font-size: 12px;\"><strong>przyroda<\/strong><\/span><\/p>\n<ul>\n<li><span style=\"font-family: Verdana, Geneva; font-size: 12px;\">mgr Jadwiga Mazek<\/span><\/li>\n<\/ul>\n<p><span style=\"font-family: Verdana, Geneva; font-size: 12px;\"><strong>biologia<\/strong><\/span><\/p>\n<ul>\n<li><span style=\"font-family: Verdana, Geneva; font-size: 12px;\">mgr Anna \u0141agowska<\/span><\/li>\n<\/ul>\n<p><span style=\"font-family: Verdana, Geneva; font-size: 12px;\"><strong>chemia<\/strong><\/span><\/p>\n<ul>\n<li><span style=\"font-family: Verdana, Geneva; font-size: 12px;\">mgr Anna \u0141agowska<\/span><\/li>\n<\/ul>\n<p><span style=\"font-family: Verdana, Geneva; font-size: 12px;\"><strong>geografia<\/strong><\/span><\/p>\n<ul>\n<li><span style=\"font-family: Verdana, Geneva; font-size: 12px;\">mgr Jadwiga Mazek<\/span><\/li>\n<\/ul>\n<p><span style=\"font-family: Verdana, Geneva; font-size: 12px;\"><strong>fizyka<\/strong><\/span><\/p>\n<ul>\n<li><span style=\"font-family: Verdana, Geneva; font-size: 12px;\">mgr Ewa Ocha\u0142<\/span><\/li>\n<\/ul>\n<p><span style=\"font-family: Verdana, Geneva; font-size: 12px;\"><strong>informatyka<\/strong><\/span><\/p>\n<ul>\n<li><span style=\"font-size: 12px; font-family: Verdana, Geneva;\">mgr Robert Kania<\/span><\/li>\n<li><span style=\"font-family: Verdana, Geneva; font-size: 12px;\">mgr Agata S\u0142owik<br><\/span><\/li>\n<\/ul>\n<p><span style=\"font-family: Verdana, Geneva; font-size: 12px;\"><strong>plastyka<\/strong><\/span><\/p>\n<ul>\n<li><span style=\"font-family: Verdana, Geneva; font-size: 12px;\">mgr Joanna Cyzio<br><\/span><\/li>\n<li><span style=\"font-family: Verdana, Geneva; font-size: 12px;\">mgr Ma\u0142gorzata Marek<\/span><\/li>\n<\/ul>\n<p><span style=\"font-family: Verdana, Geneva; font-size: 12px;\"><strong>muzyka<\/strong><\/span><\/p>\n<ul>\n<li><span style=\"font-family: Verdana, Geneva; font-size: 12px;\">mgr Pawe\u0142 Pasela<\/span><\/li>\n<\/ul>\n<p><span style=\"font-family: Verdana, Geneva; font-size: 12px;\"><strong>technika<\/strong><\/span><\/p>\n<ul>\n<li><span style=\"font-family: Verdana, Geneva; font-size: 12px;\">mgr Jadwiga Mazek<\/span><\/li>\n<\/ul>\n<p><span style=\"font-family: Verdana, Geneva; font-size: 12px;\"><strong>wychowanie fizyczne<\/strong><\/span><\/p>\n<ul>\n<li><span style=\"font-family: Verdana, Geneva; font-size: 12px;\">mgr Renata Dy\u0142o-Skiba<br><\/span><\/li>\n<\/ul>\n<p><span style=\"font-family: Verdana, Geneva; font-size: 12px;\"><strong>religia<\/strong><\/span><\/p>\n<ul>\n<li><span style=\"font-family: Verdana, Geneva; font-size: 12px;\">ks. mgr Dariusz Konieczny<\/span><\/li>\n<\/ul>\n<p><span style=\"font-family: Verdana, Geneva; font-size: 12px;\"><strong>biblioteka<\/strong><\/span><\/p>\n<ul>\n<li><span style=\"font-family: Verdana, Geneva; font-size: 12px;\">mgr Jadwiga Mazek<\/span><\/li>\n<\/ul>\n<p><span style=\"font-family: Verdana, Geneva; font-size: 12px;\"><strong>\u015bwietlica<\/strong><\/span><\/p>\n<ul>\n<li><span style=\"font-family: Verdana, Geneva; font-size: 12px;\">mgr Katarzyna W\u00f3jcik<\/span><\/li>\n<\/ul>\n<p><span style=\"font-family: Verdana, Geneva; font-size: 12px;\"><strong>pedagog<\/strong><\/span><\/p>\n<ul>\n<li><span style=\"font-family: Verdana, Geneva; font-size: 12px;\">mgr Jadwiga Rataj<\/span><\/li>\n<\/ul>\n<p><span style=\"font-family: Verdana, Geneva; font-size: 12px;\"><strong>psycholog<\/strong><\/span><\/p>\n<ul>\n<li><span style=\"font-family: Verdana, Geneva; font-size: 12px;\">mgr Klaudia Piersiak<\/span><\/li>\n<\/ul>","protected":false},"excerpt":{"rendered":"<p>wychowanie przedszkolne mgr Maria Cabaj-Kuczek edukacja wczesnoszkolna mgr Anna Baran-Pazdan mgr Barbara Brzuszek mgr Marta Majka j\u0119zyk polski mgr Joanna Cyzio mgr Renata Dy\u0142o-Skiba j\u0119zyk angielski mgr Magdalena Czapka-Kr\u00f3l mgr Anna Saj j\u0119zyk niemiecki mgr Agnieszka Gwi\u017cd\u017c-Szpara historia mgr Beata Majcher mgr Ma\u0142gorzata Marek wiedza o spo\u0142ecze\u0144stwie mgr Joanna Cyzio matematyka mgr Agata S\u0142owik przyroda &hellip; <\/p>\n<p><a class=\"more-link btn\" href=\"http:\/\/spzagg.pl\/?page_id=57\">Czytaj dalej<\/a><\/p>\n","protected":false},"author":1,"featured_media":0,"parent":0,"menu_order":0,"comment_status":"closed","ping_status":"open","template":"template-twocolumnsright.php","meta":{"ngg_post_thumbnail":0,"footnotes":""},"class_list":["post-57","page","type-page","status-publish","hentry","nodate","item-wrap"],"_links":{"self":[{"href":"http:\/\/spzagg.pl\/index.php?rest_route=\/wp\/v2\/pages\/57","targetHints":{"allow":["GET"]}}],"collection":[{"href":"http:\/\/spzagg.pl\/index.php?rest_route=\/wp\/v2\/pages"}],"about":[{"href":"http:\/\/spzagg.pl\/index.php?rest_route=\/wp\/v2\/types\/page"}],"author":[{"embeddable":true,"href":"http:\/\/spzagg.pl\/index.php?rest_route=\/wp\/v2\/users\/1"}],"replies":[{"embeddable":true,"href":"http:\/\/spzagg.pl\/index.php?rest_route=%2Fwp%2Fv2%2Fcomments&post=57"}],"version-history":[{"count":24,"href":"http:\/\/spzagg.pl\/index.php?rest_route=\/wp\/v2\/pages\/57\/revisions"}],"predecessor-version":[{"id":10351,"href":"http:\/\/spzagg.pl\/index.php?rest_route=\/wp\/v2\/pages\/57\/revisions\/10351"}],"wp:attachment":[{"href":"http:\/\/spzagg.pl\/index.php?rest_route=%2Fwp%2Fv2%2Fmedia&parent=57"}],"curies":[{"name":"wp","href":"https:\/\/api.w.org\/{rel}","templated":true}]}}