{"id":4534,"date":"2017-04-19T19:34:49","date_gmt":"2017-04-19T18:34:49","guid":{"rendered":"http:\/\/spzagg.pl\/?page_id=4534"},"modified":"2017-04-19T19:44:23","modified_gmt":"2017-04-19T18:44:23","slug":"e-szkola","status":"publish","type":"page","link":"http:\/\/spzagg.pl\/?page_id=4534","title":{"rendered":"E-szko\u0142a"},"content":{"rendered":"<ul>\n<li><span style=\"font-size: 12px; font-family: Verdana, Geneva;\"><a href=\"http:\/\/spzagg.pl\/wp-content\/uploads\/2017\/04\/e-szko\u0142a.pdf\">E-szko\u0142a \u2013 wdro\u017cenie interaktywnych us\u0142ug publicznych w Gminie S\u0119dzisz\u00f3w Ma\u0142opolski<\/a><\/span><\/li>\n<\/ul>\n","protected":false},"excerpt":{"rendered":"<p>E-szko\u0142a \u2013 wdro\u017cenie interaktywnych us\u0142ug publicznych w Gminie S\u0119dzisz\u00f3w Ma\u0142opolski<\/p>\n","protected":false},"author":2,"featured_media":0,"parent":0,"menu_order":0,"comment_status":"closed","ping_status":"closed","template":"template-twocolumnsright.php","meta":{"ngg_post_thumbnail":0,"footnotes":""},"class_list":["post-4534","page","type-page","status-publish","hentry","nodate","item-wrap"],"_links":{"self":[{"href":"http:\/\/spzagg.pl\/index.php?rest_route=\/wp\/v2\/pages\/4534","targetHints":{"allow":["GET"]}}],"collection":[{"href":"http:\/\/spzagg.pl\/index.php?rest_route=\/wp\/v2\/pages"}],"about":[{"href":"http:\/\/spzagg.pl\/index.php?rest_route=\/wp\/v2\/types\/page"}],"author":[{"embeddable":true,"href":"http:\/\/spzagg.pl\/index.php?rest_route=\/wp\/v2\/users\/2"}],"replies":[{"embeddable":true,"href":"http:\/\/spzagg.pl\/index.php?rest_route=%2Fwp%2Fv2%2Fcomments&post=4534"}],"version-history":[{"count":4,"href":"http:\/\/spzagg.pl\/index.php?rest_route=\/wp\/v2\/pages\/4534\/revisions"}],"predecessor-version":[{"id":4541,"href":"http:\/\/spzagg.pl\/index.php?rest_route=\/wp\/v2\/pages\/4534\/revisions\/4541"}],"wp:attachment":[{"href":"http:\/\/spzagg.pl\/index.php?rest_route=%2Fwp%2Fv2%2Fmedia&parent=4534"}],"curies":[{"name":"wp","href":"https:\/\/api.w.org\/{rel}","templated":true}]}}