{"id":320,"date":"2015-03-17T20:05:03","date_gmt":"2015-03-17T19:05:03","guid":{"rendered":"http:\/\/spzagg.pl\/?page_id=320"},"modified":"2025-12-10T17:09:25","modified_gmt":"2025-12-10T16:09:25","slug":"czytelnictwo","status":"publish","type":"page","link":"http:\/\/spzagg.pl\/?page_id=320","title":{"rendered":"Narodowy Program"},"content":{"rendered":"<p style=\"text-align: right;\">&nbsp;<\/p>\n<p>Narodowy Program Rozwoju Czytelnictwa to wieloletni rz\u0105dowy program uchwalony na lata 2021-2025 w celu poprawy stanu czytelnictwa w Polsce.<\/p>\n<p>&nbsp;W zwi\u0105zku z przyst\u0105pieniem naszej szko\u0142y do programu biblioteka szkolna dwukrotnie otrzyma\u0142a wsparcie wzbogacaj\u0105c si\u0119 o 351 ksi\u0105\u017cek:<\/p>\n<ul>\n<li>w roku 2024 zakupione zosta\u0142y ksi\u0105\u017cki do szko\u0142y podstawowej w ilo\u015bci 191szt. za kwot\u0119 3700z\u0142,<\/li>\n<li>w 2025 roku zakupiono ksi\u0105\u017cki dla m\u0142odszych dzieci w ilo\u015bci 160 szt. za kwot\u0119 2700z\u0142.<\/li>\n<\/ul>\n<p>&nbsp;<\/p>\n<p>&nbsp;<\/p>\n<p>&nbsp;<\/p>\n<p>&nbsp;<\/p>\n","protected":false},"excerpt":{"rendered":"<p>&nbsp; Narodowy Program Rozwoju Czytelnictwa to wieloletni rz\u0105dowy program uchwalony na lata 2021-2025 w celu poprawy stanu czytelnictwa w Polsce. &nbsp;W zwi\u0105zku z przyst\u0105pieniem naszej szko\u0142y do programu biblioteka szkolna dwukrotnie otrzyma\u0142a wsparcie wzbogacaj\u0105c si\u0119 o 351 ksi\u0105\u017cek: w roku 2024 zakupione zosta\u0142y ksi\u0105\u017cki do szko\u0142y podstawowej w ilo\u015bci 191szt. za kwot\u0119 3700z\u0142, w 2025 &hellip; <\/p>\n<p><a class=\"more-link btn\" href=\"http:\/\/spzagg.pl\/?page_id=320\">Czytaj dalej<\/a><\/p>\n","protected":false},"author":2,"featured_media":0,"parent":0,"menu_order":0,"comment_status":"open","ping_status":"open","template":"","meta":{"ngg_post_thumbnail":0,"footnotes":""},"class_list":["post-320","page","type-page","status-publish","hentry","nodate","item-wrap"],"_links":{"self":[{"href":"http:\/\/spzagg.pl\/index.php?rest_route=\/wp\/v2\/pages\/320","targetHints":{"allow":["GET"]}}],"collection":[{"href":"http:\/\/spzagg.pl\/index.php?rest_route=\/wp\/v2\/pages"}],"about":[{"href":"http:\/\/spzagg.pl\/index.php?rest_route=\/wp\/v2\/types\/page"}],"author":[{"embeddable":true,"href":"http:\/\/spzagg.pl\/index.php?rest_route=\/wp\/v2\/users\/2"}],"replies":[{"embeddable":true,"href":"http:\/\/spzagg.pl\/index.php?rest_route=%2Fwp%2Fv2%2Fcomments&post=320"}],"version-history":[{"count":46,"href":"http:\/\/spzagg.pl\/index.php?rest_route=\/wp\/v2\/pages\/320\/revisions"}],"predecessor-version":[{"id":10440,"href":"http:\/\/spzagg.pl\/index.php?rest_route=\/wp\/v2\/pages\/320\/revisions\/10440"}],"wp:attachment":[{"href":"http:\/\/spzagg.pl\/index.php?rest_route=%2Fwp%2Fv2%2Fmedia&parent=320"}],"curies":[{"name":"wp","href":"https:\/\/api.w.org\/{rel}","templated":true}]}}