{"id":10,"date":"2015-03-10T19:08:37","date_gmt":"2015-03-10T19:08:37","guid":{"rendered":"http:\/\/spzagg.pl\/spzagg\/?page_id=10"},"modified":"2015-03-22T18:40:49","modified_gmt":"2015-03-22T17:40:49","slug":"patron-szkoly","status":"publish","type":"page","link":"http:\/\/spzagg.pl\/?page_id=10","title":{"rendered":"Patron Szko\u0142y"},"content":{"rendered":"<p align=\"CENTER\"><a href=\"http:\/\/spzagg.pl\/wp-content\/uploads\/2015\/03\/pap2.jpg\"><img loading=\"lazy\" decoding=\"async\" class=\"alignnone  wp-image-207\" src=\"http:\/\/spzagg.pl\/wp-content\/uploads\/2015\/03\/pap2-300x225.jpg\" alt=\"pap2\" width=\"232\" height=\"174\" srcset=\"http:\/\/spzagg.pl\/wp-content\/uploads\/2015\/03\/pap2-300x225.jpg 300w, http:\/\/spzagg.pl\/wp-content\/uploads\/2015\/03\/pap2.jpg 640w\" sizes=\"auto, (max-width: 232px) 100vw, 232px\" \/><\/a> <a href=\"http:\/\/spzagg.pl\/wp-content\/uploads\/2015\/03\/pap.jpg\"><img loading=\"lazy\" decoding=\"async\" class=\"alignnone  wp-image-208\" src=\"http:\/\/spzagg.pl\/wp-content\/uploads\/2015\/03\/pap-223x300.jpg\" alt=\"pap\" width=\"156\" height=\"210\" srcset=\"http:\/\/spzagg.pl\/wp-content\/uploads\/2015\/03\/pap-223x300.jpg 223w, http:\/\/spzagg.pl\/wp-content\/uploads\/2015\/03\/pap.jpg 357w\" sizes=\"auto, (max-width: 156px) 100vw, 156px\" \/><\/a> <a href=\"http:\/\/spzagg.pl\/wp-content\/uploads\/2015\/03\/pap1.jpg\"><img loading=\"lazy\" decoding=\"async\" class=\"alignnone  wp-image-212\" src=\"http:\/\/spzagg.pl\/wp-content\/uploads\/2015\/03\/pap1-300x225.jpg\" alt=\"pap1\" width=\"232\" height=\"174\" srcset=\"http:\/\/spzagg.pl\/wp-content\/uploads\/2015\/03\/pap1-300x225.jpg 300w, http:\/\/spzagg.pl\/wp-content\/uploads\/2015\/03\/pap1.jpg 640w\" sizes=\"auto, (max-width: 232px) 100vw, 232px\" \/><\/a><\/p>\n<p>&nbsp;<\/p>\n<p><span style=\"font-size: 12px; font-family: Verdana,Geneva;\"><b>\u015awi\u0119to Patrona Szko\u0142y<\/b><\/span><\/p>\n<p align=\"JUSTIFY\"><span style=\"font-family: Verdana,Geneva; font-size: 12px;\">\u00a0\u00a0\u00a0\u00a0\u00a0\u00a0\u00a0 W tradycj\u0119 naszej szko\u0142y wpisa\u0142y si\u0119 coroczne obchody \u015awi\u0119ta Patrona. W tym roku to \u015awi\u0119to, jedno z najwa\u017cniejszych dla spo\u0142eczno\u015bci szkolnej, obchodzono 15 pa\u017adziernika, w przeddzie\u0144 30 rocznicy wyboru Karola Wojty\u0142y na tron papieski.<\/span><\/p>\n<p align=\"JUSTIFY\"><span style=\"font-family: Verdana,Geneva; font-size: 12px;\">\u00a0\u00a0\u00a0\u00a0\u00a0\u00a0\u00a0 By\u0142 to dzie\u0144 inny, ni\u017c zwykle. Rozpocz\u0105\u0142 si\u0119 udzia\u0142em uczni\u00f3w i nauczycieli we Mszy \u015bw. w ko\u015bciele parafialnym, odprawianej w intencji uczni\u00f3w, nauczycieli i pracownik\u00f3w szko\u0142y przez ks. Kazimierza Marka proboszcza parafii. Do ko\u015bcio\u0142a licznie przybyli r\u00f3wnie\u017c rodzice uczni\u00f3w. Uroczysty charakter nabo\u017ce\u0144stwa podkre\u015bla\u0142a obecno\u015b\u0107 pocztu sztandarowego szko\u0142y.<\/span><\/p>\n<p align=\"JUSTIFY\"><span style=\"font-family: Verdana,Geneva; font-size: 12px;\">P\u00f3\u017aniej, pod opiek\u0105 wychowawc\u00f3w, dzieci przemaszerowa\u0142y do szko\u0142y, gdzie odbywa\u0142a si\u0119 dalsza cz\u0119\u015b\u0107 obchod\u00f3w.<\/span><\/p>\n<p align=\"JUSTIFY\"><span style=\"font-family: Verdana,Geneva; font-size: 12px;\">\u00a0\u00a0\u00a0\u00a0\u00a0\u00a0\u00a0 Szko\u0142a przywita\u0142a dzieci od\u015bwi\u0119tnie udekorowana flagami bia\u0142o-czerwonymi i \u017c\u00f3\u0142to-bia\u0142ymi. Korytarze szkolne przyozdabia\u0142y barwne prace plastyczne, wykonane przez uczni\u00f3w na konkurs o tematyce papieskiej. Najpierw by\u0142o bardzo uroczy\u015bcie. Wyst\u0105pi\u0142 poczet sztandarowy, od\u015bpiewano hymn szko\u0142y. Dzieci bardzo powa\u017cnie podchodzi\u0142y do wydarze\u0144, kt\u00f3rych by\u0142y uczestnikami. Cisza i skupienie towarzyszy\u0142y delegacji uczni\u00f3w, kt\u00f3ra zapala\u0142a znicze pod tablicami pami\u0105tkowymi i przed wizerunkiem Jana Paw\u0142a II na szkolnym korytarzu.<\/span><\/p>\n<p align=\"JUSTIFY\"><span style=\"font-family: Verdana,Geneva; font-size: 12px;\">\u00a0\u00a0\u00a0\u00a0\u00a0\u00a0\u00a0 Nieco swobodniejszy charakter mia\u0142a cz\u0119\u015b\u0107 artystyczna. Uczniowie przedstawili ciekawy monta\u017c s\u0142owno-muzyczny, w kt\u00f3rym j\u0119zykiem poezji i muzyki wspominali posta\u0107 wielkiego Patrona. Wszyscy uczniowie aktywnie w\u0142\u0105czyli si\u0119 w ten spektakl z zapa\u0142em \u015bpiewaj\u0105c znane pie\u015bni.<\/span><\/p>\n<p align=\"JUSTIFY\"><span style=\"font-family: Verdana,Geneva; font-size: 12px;\">\u00a0\u00a0\u00a0\u00a0\u00a0\u00a0\u00a0 Emocji dostarczy\u0142 quiz przeprowadzony po zako\u0144czeniu cz\u0119\u015bci artystycznej. Przedstawiciele wszystkich klas odpowiadali na pytania dotycz\u0105ce \u017cycia i nauki Jana Paw\u0142a II. Dzieci by\u0142y \u015bwietnie przygotowane i zespo\u0142y z zaci\u0119ciem rywalizowa\u0142y. Niewiele by\u0142o pyta\u0144, na kt\u00f3re nie potrafi\u0142yby poprawnie odpowiedzie\u0107. Gor\u0105cym aplauzem nagrodzono szczeg\u00f3lnie ma\u0142ych pierwszoklasist\u00f3w, kt\u00f3re popisuj\u0105c si\u0119 swoj\u0105 wiedz\u0105 o Papie\u017cu, w niczym nie ust\u0119powa\u0142y starszym o kilka lat uczniom.<\/span><\/p>\n<p align=\"JUSTIFY\"><span style=\"font-family: Verdana,Geneva; font-size: 12px;\">\u00a0\u00a0\u00a0\u00a0\u00a0\u00a0\u00a0 Na zako\u0144czenie pani dyrektor podzi\u0119kowa\u0142a dzieciom za wysi\u0142ek, jaki w\u0142o\u017cy\u0142y w przygotowanie si\u0119 do konkurs\u00f3w. Nagrodzeni uczniowie nie kryli dumy i rado\u015bci.<\/span><\/p>\n<p align=\"JUSTIFY\"><span style=\"font-family: Verdana,Geneva; font-size: 12px;\">Ten dzie\u0144, wolny od zwyk\u0142ych zaj\u0119\u0107, by\u0142 dla uczni\u00f3w wspania\u0142\u0105 lekcj\u0105 wychowania i patriotyzmu.<\/span><\/p>\n<p align=\"RIGHT\"><span style=\"font-family: Verdana,Geneva; font-size: 12px;\"><i>El\u017cbieta Koziara<\/i><\/span><\/p>\n","protected":false},"excerpt":{"rendered":"<p>&nbsp; \u015awi\u0119to Patrona Szko\u0142y \u00a0\u00a0\u00a0\u00a0\u00a0\u00a0\u00a0 W tradycj\u0119 naszej szko\u0142y wpisa\u0142y si\u0119 coroczne obchody \u015awi\u0119ta Patrona. W tym roku to \u015awi\u0119to, jedno z najwa\u017cniejszych dla spo\u0142eczno\u015bci szkolnej, obchodzono 15 pa\u017adziernika, w przeddzie\u0144 30 rocznicy wyboru Karola Wojty\u0142y na tron papieski. \u00a0\u00a0\u00a0\u00a0\u00a0\u00a0\u00a0 By\u0142 to dzie\u0144 inny, ni\u017c zwykle. Rozpocz\u0105\u0142 si\u0119 udzia\u0142em uczni\u00f3w i nauczycieli we Mszy \u015bw. &hellip; <\/p>\n<p><a class=\"more-link btn\" href=\"http:\/\/spzagg.pl\/?page_id=10\">Czytaj dalej<\/a><\/p>\n","protected":false},"author":1,"featured_media":0,"parent":0,"menu_order":0,"comment_status":"closed","ping_status":"closed","template":"template-twocolumnsright.php","meta":{"ngg_post_thumbnail":0,"footnotes":""},"class_list":["post-10","page","type-page","status-publish","hentry","nodate","item-wrap"],"_links":{"self":[{"href":"http:\/\/spzagg.pl\/index.php?rest_route=\/wp\/v2\/pages\/10","targetHints":{"allow":["GET"]}}],"collection":[{"href":"http:\/\/spzagg.pl\/index.php?rest_route=\/wp\/v2\/pages"}],"about":[{"href":"http:\/\/spzagg.pl\/index.php?rest_route=\/wp\/v2\/types\/page"}],"author":[{"embeddable":true,"href":"http:\/\/spzagg.pl\/index.php?rest_route=\/wp\/v2\/users\/1"}],"replies":[{"embeddable":true,"href":"http:\/\/spzagg.pl\/index.php?rest_route=%2Fwp%2Fv2%2Fcomments&post=10"}],"version-history":[{"count":19,"href":"http:\/\/spzagg.pl\/index.php?rest_route=\/wp\/v2\/pages\/10\/revisions"}],"predecessor-version":[{"id":793,"href":"http:\/\/spzagg.pl\/index.php?rest_route=\/wp\/v2\/pages\/10\/revisions\/793"}],"wp:attachment":[{"href":"http:\/\/spzagg.pl\/index.php?rest_route=%2Fwp%2Fv2%2Fmedia&parent=10"}],"curies":[{"name":"wp","href":"https:\/\/api.w.org\/{rel}","templated":true}]}}

Patron Szkoły

<p align="CENTER"><a href="http://spzagg.pl/wp-content/uploads/2015/03/pap2.jpg"><img loading="lazy" decoding="async" class="alignnone  wp-image-207" src="http://spzagg.pl/wp-content/uploads/2015/03/pap2-300x225.jpg" alt="pap2" width="232" height="174" srcset="http://spzagg.pl/wp-content/uploads/2015/03/pap2-300x225.jpg 300w, http://spzagg.pl/wp-content/uploads/2015/03/pap2.jpg 640w" sizes="auto, (max-width: 232px) 100vw, 232px" /></a> <a href="http://spzagg.pl/wp-content/uploads/2015/03/pap.jpg"><img loading="lazy" decoding="async" class="alignnone  wp-image-208" src="http://spzagg.pl/wp-content/uploads/2015/03/pap-223x300.jpg" alt="pap" width="156" height="210" srcset="http://spzagg.pl/wp-content/uploads/2015/03/pap-223x300.jpg 223w, http://spzagg.pl/wp-content/uploads/2015/03/pap.jpg 357w" sizes="auto, (max-width: 156px) 100vw, 156px" /></a> <a href="http://spzagg.pl/wp-content/uploads/2015/03/pap1.jpg"><img loading="lazy" decoding="async" class="alignnone  wp-image-212" src="http://spzagg.pl/wp-content/uploads/2015/03/pap1-300x225.jpg" alt="pap1" width="232" height="174" srcset="http://spzagg.pl/wp-content/uploads/2015/03/pap1-300x225.jpg 300w, http://spzagg.pl/wp-content/uploads/2015/03/pap1.jpg 640w" sizes="auto, (max-width: 232px) 100vw, 232px" /></a></p>
<p>&nbsp;</p>
<p><span style="font-size: 12px; font-family: Verdana,Geneva;"><b>Święto Patrona Szkoły</b></span></p>
<p align="JUSTIFY"><span style="font-family: Verdana,Geneva; font-size: 12px;">        W tradycję naszej szkoły wpisały się coroczne obchody Święta Patrona. W tym roku to Święto, jedno z najważniejszych dla społeczności szkolnej, obchodzono 15 października, w przeddzień 30 rocznicy wyboru Karola Wojtyły na tron papieski.</span></p>
<p align="JUSTIFY"><span style="font-family: Verdana,Geneva; font-size: 12px;">        Był to dzień inny, niż zwykle. Rozpoczął się udziałem uczniów i nauczycieli we Mszy św. w kościele parafialnym, odprawianej w intencji uczniów, nauczycieli i pracowników szkoły przez ks. Kazimierza Marka proboszcza parafii. Do kościoła licznie przybyli również rodzice uczniów. Uroczysty charakter nabożeństwa podkreślała obecność pocztu sztandarowego szkoły.</span></p>
<p align="JUSTIFY"><span style="font-family: Verdana,Geneva; font-size: 12px;">Później, pod opieką wychowawców, dzieci przemaszerowały do szkoły, gdzie odbywała się dalsza część obchodów.</span></p>
<p align="JUSTIFY"><span style="font-family: Verdana,Geneva; font-size: 12px;">        Szkoła przywitała dzieci odświętnie udekorowana flagami biało-czerwonymi i żółto-białymi. Korytarze szkolne przyozdabiały barwne prace plastyczne, wykonane przez uczniów na konkurs o tematyce papieskiej. Najpierw było bardzo uroczyście. Wystąpił poczet sztandarowy, odśpiewano hymn szkoły. Dzieci bardzo poważnie podchodziły do wydarzeń, których były uczestnikami. Cisza i skupienie towarzyszyły delegacji uczniów, która zapalała znicze pod tablicami pamiątkowymi i przed wizerunkiem Jana Pawła II na szkolnym korytarzu.</span></p>
<p align="JUSTIFY"><span style="font-family: Verdana,Geneva; font-size: 12px;">        Nieco swobodniejszy charakter miała część artystyczna. Uczniowie przedstawili ciekawy montaż słowno-muzyczny, w którym językiem poezji i muzyki wspominali postać wielkiego Patrona. Wszyscy uczniowie aktywnie włączyli się w ten spektakl z zapałem śpiewając znane pieśni.</span></p>
<p align="JUSTIFY"><span style="font-family: Verdana,Geneva; font-size: 12px;">        Emocji dostarczył quiz przeprowadzony po zakończeniu części artystycznej. Przedstawiciele wszystkich klas odpowiadali na pytania dotyczące życia i nauki Jana Pawła II. Dzieci były świetnie przygotowane i zespoły z zacięciem rywalizowały. Niewiele było pytań, na które nie potrafiłyby poprawnie odpowiedzieć. Gorącym aplauzem nagrodzono szczególnie małych pierwszoklasistów, które popisując się swoją wiedzą o Papieżu, w niczym nie ustępowały starszym o kilka lat uczniom.</span></p>
<p align="JUSTIFY"><span style="font-family: Verdana,Geneva; font-size: 12px;">        Na zakończenie pani dyrektor podziękowała dzieciom za wysiłek, jaki włożyły w przygotowanie się do konkursów. Nagrodzeni uczniowie nie kryli dumy i radości.</span></p>
<p align="JUSTIFY"><span style="font-family: Verdana,Geneva; font-size: 12px;">Ten dzień, wolny od zwykłych zajęć, był dla uczniów wspaniałą lekcją wychowania i patriotyzmu.</span></p>
<p align="RIGHT"><span style="font-family: Verdana,Geneva; font-size: 12px;"><i>Elżbieta Koziara</i></span></p>

<p>&nbsp; Święto Patrona Szkoły         W tradycję naszej szkoły wpisały się coroczne obchody Święta Patrona. W tym roku to Święto, jedno z najważniejszych dla społeczności szkolnej, obchodzono 15 października, w przeddzień 30 rocznicy wyboru Karola Wojtyły na tron papieski.         Był to dzień inny, niż zwykle. Rozpoczął się udziałem uczniów i nauczycieli we Mszy św. &hellip; </p>
<p><a class="more-link btn" href="http://spzagg.pl/?page_id=10">Czytaj dalej</a></p>
